at is the greatest common divisor of 301131 and 79173?
171
What is the highest common divisor of 847020 and 908580?
1140
Calculate the greatest common divisor of 16401 and 3315851.
77
What is the greatest common factor of 1824 and 566485?
19
What is the greatest common divisor of 545960 and 1024?
8
What is the greatest common divisor of 11649 and 27600364?
3883
Calculate the greatest common factor of 29025 and 9375.
75
What is the highest common divisor of 2275 and 18251675?
325
Calculate the greatest common divisor of 9288 and 872728.
344
Calculate the greatest common divisor of 71867412 and 648.
324
Calculate the greatest common factor of 618802 and 1504102.
454
What is the greatest common factor of 6641360 and 7920?
880
Calculate the highest common factor of 8874 and 1289501.
17
Calculate the greatest common divisor of 613840 and 6780.
20
Calculate the highest common divisor of 347737 and 154583.
299
What is the greatest common factor of 112182 and 21126?
42
Calculate the greatest common factor of 1145 and 285367205.
1145
What is the greatest common factor of 10187 and 226432?
61
What is the highest common factor of 5490440 and 58328?
2536
What is the highest common factor of 249567 and 78491865?
6087
What is the greatest common divisor of 54001540 and 1383?
461
Calculate the highest common divisor of 2410398 and 16200.
162
What is the greatest common factor of 9353 and 7619710?
199
What is the greatest common divisor of 21126 and 82922?
14
Calculate the highest common divisor of 433786 and 7654.
178
What is the highest common factor of 525924 and 5796?
252
What is the highest common divisor of 2331 and 11774637?
63
Calculate the highest common factor of 11554 and 12567042.
106
What is the highest common factor of 52 and 42695588?
52
Calculate the highest common divisor of 552 and 82606340.
92
What is the highest common factor of 36801 and 582001?
1363
Calculate the highest common divisor of 20424 and 189129.
69
What is the highest common divisor of 257144184 and 22?
22
Calculate the highest common divisor of 105121821 and 34881.
3171
What is the highest common factor of 1300103433 and 3681?
3681
Calculate the highest common divisor of 2072199 and 2616.
327
Calculate the greatest common divisor of 51200 and 59945600.
3200
What is the greatest common divisor of 43860 and 17160956?
2924
What is the highest common divisor of 45 and 3536590?
5
What is the highest common factor of 3024 and 393363?
27
What is the highest common factor of 72711 and 15039?
27
Calculate the highest common factor of 466708 and 24.
4
What is the greatest common divisor of 299524537 and 13?
13
What is the highest common divisor of 16952919 and 222?
111
What is the highest common factor of 8335368 and 120?
24
What is the greatest common factor of 2355792 and 2?
2
What is the greatest common divisor of 117754408 and 8?
8
Calculate the greatest common divisor of 90258 and 16569.
21
Calculate the highest common divisor of 1 and 18505204.
1
What is the greatest common divisor of 223195244 and 68?
68
Calculate the greatest common factor of 265397 and 77671.
253
Calculate the greatest common divisor of 9975 and 52956078.
399
Calculate the highest common factor of 239229 and 250344.
171
Calculate the greatest common divisor of 269425 and 4405.
5
What is the highest common factor of 111006 and 834307?
881
Calculate the highest common factor of 50071 and 54309619.
2177
Calculate the highest common factor of 855762 and 11001.
579
What is the greatest common divisor of 28 and 983301088?
28
What is the greatest common divisor of 7384436 and 2274?
758
Calculate the highest common divisor of 4 and 54900656.
4
Calculate the highest common divisor of 10877154 and 35934.
678
Calculate the greatest common factor of 347646 and 13486882.
8914
What is the highest common divisor of 9264024 and 260568?
5544
Calculate the highest common factor of 32 and 2486872.
8
Calculate the greatest common factor of 76337448 and 48.
24
What is the greatest common factor of 170 and 353206229?
17
What is the highest common factor of 1239 and 7051857?
177
What is the highest common divisor of 2347956625 and 590?
295
What is the highest common divisor of 7746 and 72236614?
2582
What is the greatest common divisor of 2127993 and 147?
21
What is the greatest common divisor of 35090 and 602822?
242
What is the highest common divisor of 455 and 2620163?
91
Calculate the highest common divisor of 141 and 43475517.
141
Calculate the greatest common factor of 11088 and 291214.
154
What is the highest common factor of 268538 and 2?
2
Calculate the highest common factor of 245488 and 38056.
536
Calculate the greatest common divisor of 3635 and 206752257.
727
What is the greatest common factor of 3061670 and 4?
2
Calculate the greatest common divisor of 2430429 and 14968.
1871
Calculate the greatest common factor of 220 and 49480740.
20
What is the greatest common factor of 28074320 and 9680?
80
Calculate the greatest common factor of 72 and 27624573.
9
Calculate the highest common divisor of 14352 and 28019888.
4784
What is the highest common factor of 423100 and 32?
4
Calculate the greatest common divisor of 4 and 14234824.
4
Calculate the highest common divisor of 11824 and 2058115.
739
What is the highest common divisor of 3936 and 294301608?
984
What is the greatest common factor of 2420 and 9488820?
2420
What is the greatest common factor of 3372150 and 570?
30
What is the highest common divisor of 4672 and 4037776?
1168
What is the highest common divisor of 4150 and 2854450?
50
Calculate the greatest common factor of 5904 and 19683.
9
What is the highest common factor of 50032 and 168?
8
What is the highest common factor of 4 and 2059643?
1
Calculate the highest common factor of 176706 and 4374.
18
What is the greatest common divisor of 9982 and 1706798?
62
What is the highest common factor of 19927818 and 18?
18
Calculate the highest common factor of 3582673 and 15059.
1369
Calculate the highest common factor of 5213 and 683705.
401
Calculate the greatest common factor of 633534 and 4002.
174
What is the greatest common divisor of 89881 and 7304?
11
What is the greatest common factor of 16177186 and 58?
58
Calculate the highest common divisor of 70826812 and 56.
28
What is the highest common factor of 19551360 and 15?
15
What is the greatest common factor of 96 and 11497998?
6
Calculate the highest common divisor of 1664 and 2518139.
13
Calculate the highest common divisor of 85968 and 336774864.
9552
Calculate the highest common factor of 80529 and 163659.
51
Calculate the highest common divisor of 1792 and 135296.
896
Calculate the greatest common factor of 29613353 and 49.
7
Calculate the greatest common factor of 2574 and 2393586.
234
What is the greatest common divisor of 122133 and 78144?
33
What is the highest common factor of 33528024 and 3212?
292
Calculate the highest common factor of 1207 and 1107103.
71
Calculate the greatest common factor of 169640590 and 140.
70
What is the highest common factor of 9044833 and 14739?
4913
What is the highest common divisor of 1167641181 and 87?
87
Calculate the highest common factor of 850 and 27564310.
170
Calculate the highest common factor of 11426996 and 2254.
98
Calculate the greatest common factor of 536370 and 24966.
114
Calculate the highest common divisor of 220384 and 9387904.
2272
Calculate the highest common factor of 82569908 and 506.
46
Calculate the greatest common divisor of 23959 and 6079281.
1261
What is the greatest common factor of 2289780 and 14985?
45
What is the highest common factor of 1085610 and 11490?
30
What is the highest common factor of 858 and 136994?
286
What is the highest common factor of 607 and 972187589?
607
Calculate the highest common factor of 1 and 6100961.
1
What is the greatest common divisor of 30 and 189812190?
30
What is the highest common divisor of 491508 and 556821?
1107
What is the highest common divisor of 1513885 and 3565?
155
Calculate the greatest common factor of 28564773 and 1832.
229
What is the highest common divisor of 7956 and 47052?
36
Calculate the highest common divisor of 17742250 and 5000.
250
Calculate the greatest common factor of 588 and 5771244.
12
What is the highest common divisor of 51783